9 - (-6 + (-24 - (30 + -14 + -31) - -7))?
-111
Calculate 7 + -47 - -8 - -14.
-18
Calculate -24 + -2 + (57 - 48 - (-1 - -6) - 8).
-30
Evaluate -3251 - -3223 - (-2 - (1 - (2 + -2))).
-25
-61 - (-82 + 55 + 23)
-57
What is the value of 606 + -662 - (-10 + -10 + 6 - 4)?
-38
Calculate -19 + (55 - (19 + 3) - 24) - 101.
-111
What is (1 - (-7 - -1 - 3)) + 13 + (-7 - -68)?
84
What is 0 - 1 - (163 - 183 - (-6 - 27))?
-14
Calculate -5 + -41 - (86 + -93).
-39
Evaluate -11002 - -11002 - (-19 + -1).
20
What is the value of -10 - (1 + (-1 - 0)) - (22311 + -22266)?
-55
Calculate -15 + (8 - 17) + 21 + -7 - -61.
51
Evaluate (-2 - -2) + (35 - 1) + (-7 - -5).
32
(-21 - (-5 - 11) - (13 + -11)) + (99 - 1)
91
6 - ((4 + -42 - (96 + -75)) + -10)
75
What is 3016 + -3031 - (0 + -3 - -8)?
-20
Calculate -71 - ((-23 - -34 - (6 + 8)) + -4).
-64
17 + 24 + 4 + -17 + 15
43
Evaluate -31 + (26 - 22) + 100 - 13.
60
Calculate -45 + -14 + (12 - 16 - -11 - -6).
-46
What is (1 + 3 - (57 + -15 - 42)) + 75?
79
Evaluate (1 - 14) + -63 + 59 + (21 - (0 - -15)).
-11
Calculate 150 + -110 + -18 - (4 + -1).
19
What is 31 - (-53 + -9 + 163)?
-70
What is 46 + (67 - 100 - 24)?
-11
Calculate (-45 - -46) + -31 - -7 - -26.
3
Evaluate 11 + (-6 - 33) - -1 - -14 - 50.
-63
What is -69 + 93 + -75 - -62?
11
Calculate -4 - (14 - (43 - 15) - (14 + -102)).
-78
2 - (4 - (4 - 2) - 3) - (-480 - -487)
-4
(-192 - -249) + -68 + -4 + 6 + -1 + -1
-11
What is the value of -846 - -811 - (-59 + -2)?
26
Calculate -50 - -8 - (-7 + 3) - 2.
-40
31 + -28 + 22 - (7 - 16 - 5)
39
Evaluate (-4 + 12 - 25) + 77 + -123.
-63
What is -19 + 42 - (0 - (-5 - 98))?
-80
Evaluate (-5 - -45) + -68 + 21 + (-78 - -1).
-84
What is the value of 49 + -43 - (-8 + 7 - -2 - -12)?
-7
Evaluate 102 - 151 - -45 - (-43 + 1 - -2).
36
20 - ((-2 - -12) + (-20 - -15) + -17)
32
Calculate 5 - (6 + -5 - (25 - 32) - -33).
-36
(-330 - -275) + 50 + 2
-3
Evaluate -20 - ((-29 - -32) + (-2 - (-1 + -3))).
-25
Evaluate -5 - -2 - ((-17 - 65) + 101).
-22
What is 21 + (-22 - -47 - 11)?
35
What is the value of (-8 - -5) + -6 - -13 - -2 - (-27 + 20)?
13
What is the value of 0 + 0 + (287 - 316 - (-1 + (-3 - 21)))?
-4
Evaluate (-7 - -4 - (65 + 1)) + (94 - 49) + -48.
-72
Evaluate -2338 - -2333 - (1 + (-4 - -1) + 17).
-20
Calculate 70 - (0 - (0 - -1)) - ((-382 - -86) + 291).
76
Evaluate 0 + 1 + 55 + -160 + (-25 - -185).
56
What is the value of (4 - (251 - 116)) + 92?
-39
25 - (-3 + 7 - 7) - (-23 - -6 - -7)
38
Evaluate (14 - -30) + (15 - -4) + (-5 - 7).
51
What is -10 + (73 - (0 + 18)) + 8?
53
Evaluate 12 + 37 + -5 + -16.
28
Evaluate 0 + (-36 - -12 - -7 - -4) + 134.
121
118 + (-70 + -11 - 145)
-108
What is the value of 6 + -7 + -1 + 81 + 4 + -7 + 6?
82
Evaluate -11 - (50 + 0 - (-19 + 11 + -7 + 17)).
-59
What is -4 - (83 - (-76 + 125))?
-38
-308 + 280 - (-7 - 83 - -9)
53
Evaluate (-3 - -9 - 19) + 8 - (-56 - 2) - 3.
50
What is the value of -38 + -57 + -24 + 95?
-24
(2 + -41 - -25 - (4 - -2)) + 36
16
What is (0 - (-12 + (4 - -7) + 61)) + -4?
-64
What is the value of (0 - (-8 + 65) - 17) + -13?
-87
-26 + 47 + -21 + -32 + 0
-32
Calculate -37 + (0 - -7 - (400 - 551)).
121
Calculate -6 + (13 - (13 - 7) - -8) + 16.
25
Calculate -2 + -2 - 0 - 5 - ((24 - -19) + -28).
-24
What is the value of 72 - (-20 + -2 - (-27 + 6 + 5))?
78
What is the value of 51 - ((-6 - (-8 + (15 - -4) + -11)) + -3)?
60
Calculate (-22 - (5 - 3) - (333 + -312)) + 22.
-23
What is the value of -20 + (45 + 13 + -2 - -11 - -17)?
64
Evaluate 0 - 0 - (2 + 0) - (-65 + (-60 - -151)).
-28
What is the value of (-433 + 443 - (1 - 0)) + -52 + (1 - 3)?
-45
Calculate (-32 + 18 - -8 - -17) + -10.
1
-29 + 55 + 42 + -43 + -1 + 2
26
What is the value of (-7 - (5 - (34 + -13))) + -16 + 8?
1
Evaluate 7 - (-1 + (-7 + 66 - -7) + -11).
-47
What is 29 + (3 + -19 - -7 - (11 + -22 - 4))?
35
Evaluate (3 - 55) + (-83 - -63).
-72
Evaluate -217 + 2 - (400 + -496).
-119
-4 + 0 - (46 + -40 + 23)
-33
Calculate 46 + -51 - (7 - 20).
8
Evaluate 88 + -39 - -1 - 41.
9
Calculate 52 + -65 - (62 + (0 - (11 - 4))).
-68
What is the value of 14 + (4 - ((17 - 20) + -1 + (7 - 0)))?
15
What is the value of -11 + 16 - 7 - ((96 - 75) + (-14 - 1))?
-8
What is (-2 - (-2 + -18)) + -1897 + 1911?
32
Evaluate -122 - (-12 - (-26 - -9 - -18)) - -19.
-90
53 - (-22 + 51) - (51 + 0)
-27
What is 4 + 39 + -47 + -50?
-54
Evaluate (0 + 12 - (-19 - (29 + -62 + 3))) + -11.
-10
-97 - (-21 + 37 + -29 + 19 + 9)
-112
Evaluate 11 + (18 - (-3 - -5 - -16 - 9)).
20
Calculate (75 - 12) + (31 - 31).
63
Calculate 1 + -68 + (-62 - -47).
-82
What is the value of -662 - -629 - (4 - (8 + 0 + 1))?
-28
23 + (55 - 11) + -28 + 4
43
Evaluate -34 + 13 + -8 + 50.
21
Evaluate (-1 + -6 + 4 - (10 + -12)) + 23.
22
What is the value of (0 + 0 - 0) + -46 + -937 + 937?
-46
What is the value of (-1 - 14) + 6 + -8 + (3 - 5 - -5)?
-14
Calculate 20 - (-45 - -67) - 30.
-32
-114 - ((-20 - (-15 + 11)) + -14)
-84
Evaluate 1 - (-7 + (2 + -10 + 11 - 96)).
101
What is the value of 1 + -47 + -3805 + 3794?
-57
What is the value of (-2 - (5 + -14)) + -6 + -791 + 793?
3
What is (-25 + 92 - 169) + 35?
-67
Calculate -42 + ((1 - (4 - -7)) + 7 - (-8 + 2)).
-39
Calculate 50 - (-3 + 12 + -4) - (-15 - -7 - -5).
48
Evaluate -50 - (14 + -122 + 103 + (2 - 0)).
-47
-80 + (-46 - 46 - -93)
-79
5 + -21 - (17 + -18 + -13)
-2
Calculate (-7 - -1) + (-13 - (-39 - -20)) + -22.
-22
What is (-1 - 4 - -3 - -2) + (-9 + 9 - -9)?
9
What is the value of -24 + (-2 + 29 - 11) + 16?
8
Evaluate -78 + 42 + 35 + -40 + (0 - (-1 - -6)).
-46
Evaluate 24 + (38 - (108 + -20)).
-26
23 + -53 + (-46 - -113)
37
Evaluate 1 - -119 - (269 + -529 - -266).
114
Evaluate 119 + 28 + -26 - (14 - (-9 + (5 - -3))).
106
Evaluate -125 + 19 + (-24 - 10) - -5.
-135
5 - (13 - (2 + 1 + 16))
11
What is the value of 3118 + -3087 + (0 - -16 - 2)?
45
Calculate (-35 - (57 - 53)) + 28.
-11
What is the value of (21 - -4) + (-254 - -226)?
-3
Evaluate 13 - 6 - (-32 - (-60 + 14)).
-7
What is the value of (93 - 1) + -61 + (33 - (8 - 31))?
87
What is 3 + -39 + (0 + 2 - 6)?
-40
What is the value of 29 - (-3 + -64 + 66)?
30
Calculate 62 + 1 + (-11 - 7) + 6 + (7 - -5).
63
(-68 + 0 + 42 - -34) + 25
33
Calculate -14 + 31 - (49 + -8 + 19).
-43
Calculate 32 - ((101 - 71) + 74).
-72
What is the value of 6166 - 6189 - (2 + -1 - 23)?
-1
-56 - (11 - 8 - ((2 - -3) + -16))
-70
What is 21 - (-6 - (113 - 179))?
-39
Calculate 1 - (8 - 7) - ((-13 - -20 - -12) + 10).
-29
What is the value of (4 - 0) + 59 + -55 + 12 + -1?
19
-1 - (-3 - 0) - (-492 + 431)
63
What is the value of (-23 - (0 + 1 + 47 + -53)) + 83?
65
Calculate -1 - (-8 + 19 - (-3 - 7)).
-22
What is the value of 6 + -2 + (-28 + 38 - (7 + (10 - 4)))?
1
37 + -27 - -90 - (2 - (-4 - (-15 + -2)))
111
4 - 27 - (-64 - -87)
-46
What is the value of (5 - (17 + (-30 - 29))) + 42?
89
What is the value of (-1454 - -1430) + (1 - -30) - (1 - -25)?
-19
What is the value of 85 + (-46 + (36 - 12) - ((0 - 2) + -9))?
74
Evaluate 1 - -44 - 5 - (-17 + (-1 - -12)) - 11.
35
63 + -1 + -7 + 2 + -6 + 0
51
(1 - -11) + -22 + (42 - 51)
-19
Evaluate 8 + 0 + 16 + -15 + -4 + -9.
-4
What is the value of -7 - (0 - -32) - (3 - -5)?
-47
What is the value of 7 + -3 + (13 - 4 - -3) + -62 + 51?
5
22 + (-24 - -25 - (0 + 1)) + (-7 - -4)
19
What is 3444 - 3469 - (0 + 31)?
-56
-37 - (-1 + -13 - (74 - 76)) - -12
-13
Calculate (-7 - 5) + (-6 - -13) + (-53 - -64).
6
Evaluate 47 + (-5 - ((1 - 38) + 7)).
72
Evaluate -23 - (11 + (-13 - -34) + -6).
-49
What is the value of 17 + (1 - (-14 - 12))?
44
What is 8 + (172 - 162 - (5 - -1))?
12
Calculate (21 - -2) + (786 - 851).
-42
What is (7 + -16 - -13) + (-27 - -14 - -83)?
74
Calculate -6 + 41 + (-57 - 8) + -78.
-108
(336 - 312) + 5 + -23 + 4
10
Evaluate 10 + 3 + -28 + 1 + -15 + 8.
-21
Evaluate -17 + -1 + (-40 - -91).
33
What is the value of -23 + 44 + -29 + (-12 - -60)?
40
-9 - (-24 - (-12 + -5 + 5 + 1))
4
Calculate -23 - (-122 - 18) - 133.
-16
What is the value of 51 + -9 - -19 - 17?
44
What is the value of -16 + 12 + (-12 - (4 - ((1 - 9) + 10)))?
-18
What is 21 - (-29 - 3) - 14?
39
(31 + 15 + -53 - 0) + 3 + 76
72
What is (85 - 47) + -3 - 43?
-8
What is (-8 - (-10 + 10 + -102) - 17) + -2?
75
What is (-78 - (80 + -89)) + 111?
42
What is 97 - 1 - (142 - 139 - 15)?
108
Evaluate -6 - (90 + -65 - -46).
-77
What is -1 - -11 - ((14 - 54) + 0 - (8 + -10